{"id":2,"date":"2018-04-03T13:45:30","date_gmt":"2018-04-03T11:45:30","guid":{"rendered":"http:\/\/federicocingano.eu\/?page_id=2"},"modified":"2019-01-15T18:27:33","modified_gmt":"2019-01-15T17:27:33","slug":"page-d-exemple","status":"publish","type":"page","link":"https:\/\/federico-cingano.eu\/?page_id=2","title":{"rendered":"Papers"},"content":{"rendered":"<p>[et_pb_section bb_built=\u00a0\u00bb1&Prime; admin_label=\u00a0\u00bbsection\u00a0\u00bb _builder_version=\u00a0\u00bb3.0.47&Prime;][et_pb_row admin_label=\u00a0\u00bbrow\u00a0\u00bb _builder_version=\u00a0\u00bb3.0.47&Prime; background_size=\u00a0\u00bbinitial\u00a0\u00bb background_position=\u00a0\u00bbtop_left\u00a0\u00bb background_repeat=\u00a0\u00bbrepeat\u00a0\u00bb][et_pb_column type=\u00a0\u00bb4_4&Prime;][et_pb_text _builder_version=\u00a0\u00bb3.19.5&Prime; background_size=\u00a0\u00bbinitial\u00a0\u00bb background_position=\u00a0\u00bbtop_left\u00a0\u00bb background_repeat=\u00a0\u00bbrepeat\u00a0\u00bb use_border_color=\u00a0\u00bboff\u00a0\u00bb]<\/p>\n<h2 class=\"corps\">PUBLICATIONS<\/h2>\n<blockquote>\n<p><span lang=\"EN-US\">Before it Gets Better: The Short-Term Employment Costs of Regulatory Reforms\u00a0(with A. Bassanini),\u00a0Industrial and Labor Relations Review,\u00a0<a href=\"https:\/\/doi.org\/10.1177\/0019793918766054\" target=\"_blank\" rel=\"noopener\" data-saferedirecturl=\"https:\/\/www.google.com\/url?hl=fr&amp;q=https:\/\/doi.org\/10.1177\/0019793918766054&amp;source=gmail&amp;ust=1522922966472000&amp;usg=AFQjCNGQsSVJgEp_fVUTCdiVYa4iDJrxqA\">published online<\/a>. <a href=\"https:\/\/federico-cingano.eu\/wp-content\/uploads\/2018\/04\/ILRR18_Supplementary-Appendix.pdf\" target=\"_blank\" rel=\"noopener\">Supplementary web appendix<\/a>. Previous\u00a0<a href=\"http:\/\/ftp.iza.org\/dp11011.pdf\" target=\"_blank\" rel=\"noopener\">working paper version<\/a><\/span><\/p>\n<p>\u00a0<\/p>\n<p><a class=\"lien2\" href=\"https:\/\/academic.oup.com\/rfs\/article-abstract\/29\/10\/2737\/2223378?redirectedFrom=fulltext\" target=\"_blank\" rel=\"noopener\">Does credit crunch investments down? New evidence on the real effects of the bank-lending channel<\/a>, (with F. Manaresi and E. Sette),\u00a0<a href=\"http:\/\/dx.doi.org\/10.1093\/rfs\/hhw040\" target=\"_blank\" rel=\"noopener\" data-saferedirecturl=\"https:\/\/www.google.com\/url?hl=fr&amp;q=http:\/\/dx.doi.org\/10.1093\/rfs\/hhw040&amp;source=gmail&amp;ust=1522855331160000&amp;usg=AFQjCNEnlOnX4zvUfyVryGkSCsYdG4Ijmg\">Review of Financial Studies (2016) 29 (10): 2737-2773<\/a><\/p>\n<p>\u00a0<\/p>\n<p><a href=\"https:\/\/federico-cingano.eu\/wp-content\/uploads\/2018\/04\/Trust_organization_Dec_2016.pdf\" target=\"_blank\" rel=\"noopener\" data-saferedirecturl=\"https:\/\/www.google.com\/url?hl=fr&amp;q=http:\/\/www.federicocingano.eu\/Trust_organization_Dec%25202016.pdf&amp;source=gmail&amp;ust=1522857224880000&amp;usg=AFQjCNHpTt8VIjxWng3K4AEuIYaXtz8r7A\"><span class=\"il\">Trust<\/span>,\u00a0<span class=\"il\">Firm<\/span>\u00a0Organization and the Structure of Production<\/a>\u00a0(with P. Pinotti), Journal of International Economics,\u00a0<a href=\"http:\/\/dx.doi.org\/10.1016\/j.jinteco.2016.01.006\" target=\"_blank\" rel=\"noopener\" data-saferedirecturl=\"https:\/\/www.google.com\/url?hl=fr&amp;q=http:\/\/dx.doi.org\/10.1016\/j.jinteco.2016.01.006&amp;source=gmail&amp;ust=1522857224880000&amp;usg=AFQjCNHKL27vXB_SyNV-BEooNEYiHzPUUQ\">vol 100, May 2016, pagg. 1-13<\/a><\/p>\n<p>\u00a0<\/p>\n<p class=\"lien\"><a class=\"lien2\" href=\"https:\/\/federico-cingano.eu\/wp-content\/uploads\/2018\/04\/Employment_Protection_Legislation.pdf\" target=\"_blank\" rel=\"noopener\">Employment Protection Legislation, Capital Investment and Access to Credit: Evidence from Italy<\/a>, (with M. Leonardi, J. Messina and G. Pica), <a href=\"http:\/\/dx.doi.org\/10.1111\/ecoj.12212\" target=\"_blank\" rel=\"noopener\" data-saferedirecturl=\"https:\/\/www.google.com\/url?hl=fr&amp;q=http:\/\/dx.doi.org\/10.1111\/ecoj.12212&amp;source=gmail&amp;ust=1522855331161000&amp;usg=AFQjCNH3bcGRGIEDTCmcGCUNkuOGzwJGxA\">Economic Journal, 126: 1798\u20131822<\/a><\/p>\n<p>\u00a0<\/p>\n<p class=\"lien\"><a class=\"lien2\" href=\"https:\/\/federico-cingano.eu\/wp-content\/uploads\/2018\/04\/Public_Policy_Resource_Allocation.pdf\" target=\"_blank\" rel=\"noopener\">Public Policy and Resource Allocation: Evidence from Firms in OECD Countries<\/a>, (with D. Andrews), <a class=\"lien\" href=\"http:\/\/onlinelibrary.wiley.com\/doi\/10.1111\/1468-0327.12028\/abstract\" target=\"_blank\" rel=\"noopener\">Economic Policy, vol. 29, 2014, pp. 253-296<\/a>. <a class=\"lien2\" href=\"https:\/\/federico-cingano.eu\/wp-content\/uploads\/2018\/04\/ecop12028-sup-0001-SupplementaryAppendix.pdf\" target=\"_blank\" rel=\"noopener\">Supplementary web appendix<\/a><\/p>\n<p>\u00a0<\/p>\n<p class=\"lien\"><a class=\"lien2\" href=\"https:\/\/federico-cingano.eu\/wp-content\/uploads\/2018\/04\/polatwork.pdf\" target=\"_blank\" rel=\"noopener\">Politicians at work. The private returns and social costs of political connections<\/a>, (with P. Pinotti), <a class=\"lien\" href=\"http:\/\/onlinelibrary.wiley.com\/doi\/10.1111\/jeea.12001\/abstract\" target=\"_blank\" rel=\"noopener\">Journal of the European Economic Association,\u00a0<em>Vol 11, Issue 2, 2013 pp. 1-32<\/em><\/a>. <a class=\"lien2\" href=\"https:\/\/federico-cingano.eu\/wp-content\/uploads\/2018\/04\/polatwork_webappendix.pdf\" target=\"_blank\" rel=\"noopener\">Supplementary web appendix<\/a><\/p>\n<p>\u00a0<\/p>\n<p class=\"lien\"><a class=\"lien2\" href=\"https:\/\/federico-cingano.eu\/wp-content\/uploads\/2018\/04\/NetworksJOLE2011.pdf\" target=\"_blank\" rel=\"noopener\">People I Know: Job Search and Social Networks<\/a> (with A. Rosolia), <a class=\"lien2\" href=\"http:\/\/www.jstor.org\/action\/showPublication?journalCode=jlaboreconomics&amp;\" target=\"_blank\" rel=\"noopener\">Journal of Labor Economics<\/a>\u00a0<em>vol. 30(2), 2012, pp.291 &#8211; 332<\/em>.<\/p>\n<p>\u00a0<\/p>\n<p class=\"lien\"><a class=\"lien2\" href=\"https:\/\/federico-cingano.eu\/wp-content\/uploads\/2018\/04\/BaroneCingano_-RegServ.pdf\" target=\"_blank\" rel=\"noopener\">Service regulation and growth: evidence from OECD countries<\/a> (with G.Barone), <a class=\"lien2\" href=\"http:\/\/onlinelibrary.wiley.com\/doi\/10.1111\/j.1468-0297.2011.02433.x\/abstract\" target=\"_blank\" rel=\"noopener\">The Economic Journal<\/a>, Vol. 121, Issue 555, 2011, pp. 931\u2013957. <a class=\"lien2\" href=\"ServRegSupplementary%20Appendix.pdf\" target=\"_blank\" rel=\"noopener\">Supplementary web appendix<\/a><\/p>\n<p>\u00a0<\/p>\n<p class=\"lien\"><a class=\"lien2\" href=\"http:\/\/federicocingano.eu\/wp-content\/uploads\/2018\/04\/Economic_PolicyCLMP_postpanel_FINAL.pdf\" target=\"_blank\" rel=\"noopener\">The effects of employment protection legislation and financial market imperfections on investment: evidence from a firm-level panel of EU countries<\/a> (with M. Leonardi, J. Messina, and G. Pica) Economic Policy, vol. 25, 2010, pp. 117-163.<\/p>\n<p>\u00a0<\/p>\n<p class=\"lien\"><a class=\"lien2\" href=\"http:\/\/federicocingano.eu\/wp-content\/uploads\/2018\/04\/cingano_schivardi_jeea.pdf\" target=\"_blank\" rel=\"noopener\">Identifying the Sources of Local Productivity Growth<\/a>,(with F.Schivardi),\u00a0<a class=\"lien2\" href=\"http:\/\/www.jeea.org\/\" target=\"_blank\" rel=\"noopener\">Journal of the European Economic Association<\/a>, Vol.\u00a02, Issue 4 &#8211; June 2004, Pages 720-742.<\/p>\n<p>\u00a0<\/p>\n<p class=\"lien\"><a class=\"lien2\" href=\"https:\/\/federico-cingano.eu\/wp-content\/uploads\/2018\/04\/GDE_V63_N3-4_P413-4441.pdf\" target=\"_blank\" rel=\"noopener\">The private and social return to schooling in Italy<\/a> (with A. Ciccone &amp; P.Cipollone), <a class=\"lien2\" href=\"http:\/\/giornaledeglieconomisti.unibocconi.it\" target=\"_blank\" rel=\"noopener\">Giornale degli Economisti e Annali di Economia<\/a>, vol.63, n.3\/4, 2004, pp. 413-444.<\/p>\n<p>\u00a0<\/p>\n<p class=\"lien\"><a class=\"lien2\" href=\"https:\/\/federico-cingano.eu\/wp-content\/uploads\/2018\/04\/cingano_LEco.pdf\" target=\"_blank\" rel=\"noopener\">Returns to Specific Skills in Industrial Districts<\/a>,\u00a0<a class=\"lien2\" href=\"http:\/\/www.sciencedirect.com\/science\/journal\/09275371\" target=\"_blank\" rel=\"noopener\">Labour Economics<\/a>,\u00a0Vol. 10, Issue 2 &#8211; April 2003, Pages 149-164.<\/p>\n<p>\u00a0<\/p>\n<p class=\"lien\"><a class=\"lien2\" href=\"http:\/\/www.econ.upf.es\/~cingano\/papers\/\" target=\"_blank\" rel=\"noopener\">Skills and Clusters<\/a>\u00a0(with A.Ciccone), in Broker, J; Dohse,D and R. Soltwedel R. (eds.)\u00a0<em>Innovation Clusters and Interregional Competition<\/em>,\u00a0<a class=\"lien2\" href=\"http:\/\/www.springer.de\/cgi\/svcat\/search_book.pl?series=3302\" target=\"_blank\" rel=\"noopener\">Advances in Spatial Science<\/a>, Springer-Verlag, Heidelberg, Germany, 2003<\/p>\n<\/blockquote>\n<p>\u00a0<\/p>\n<h2 class=\"corps\">WORKING PAPERS<\/h2>\n<blockquote>\n<p class=\"lien\"><a class=\"lien2\" href=\"en_tema_626.pdf\" target=\"_blank\" rel=\"noopener\">University Drop-out. The case of Italy<\/a>, (with P.Cipollone) Temi di discussione (Economic working papers) 626, Bank of Italy, Economic Research Department (2007)<\/p>\n<p>\u00a0<\/p>\n<p class=\"lien\"><a class=\"lien2\" href=\"http:\/\/www.cesifo-group.de\/link\/gi-jesuit.pdf\" target=\"_blank\" rel=\"noopener\">Regional Economic Growth and Income Inequality<\/a>: Preliminary Evidence from the Luxembourg Income Study, (with A.Brandolini, D.Jesuit, T.Smeeding) CESIFO Working Paper (2001)<\/p>\n<\/blockquote>\n<p>[\/et_pb_text][\/et_pb_column][\/et_pb_row][\/et_pb_section]<\/p>\n","protected":false},"excerpt":{"rendered":"<p>PUBLICATIONSBefore it Gets Better: The Short-Term Employment Costs of Regulatory Reforms\u00a0(with A. Bassanini),\u00a0Industrial and Labor Relations Review,\u00a0published online. Supplementary web appendix. Previous\u00a0working paper version\u00a0Does credit crunch investments down? New evidence on the real effects of the bank-lending channel, (with F. Manaresi and E. Sette),\u00a0Review of Financial Studies (2016) 29 (10): 2737-2773\u00a0Trust,\u00a0Firm\u00a0Organization and the Structure of [&hellip;]<\/p>\n","protected":false},"author":1,"featured_media":0,"parent":0,"menu_order":0,"comment_status":"closed","ping_status":"open","template":"","meta":{"_et_pb_use_builder":"on","_et_pb_old_content":"<p>Voici un exemple de page. Elle est diff\u00e9rente d\u2019un article de blog, en cela qu\u2019elle restera \u00e0 la m\u00eame place, et s\u2019affichera dans le menu de navigation de votre site (en fonction de votre th\u00e8me). La plupart des gens commencent par \u00e9crire une page \u00ab\u00a0\u00c0 Propos\u00a0\u00bb qui les pr\u00e9sente aux visiteurs potentiels du site. Vous pourriez y \u00e9crire quelque chose de ce tenant\u00a0:<\/p><blockquote><p>Bonjour\u00a0! Je suis un m\u00e9canicien qui aspire \u00e0 devenir un acteur, et ceci est mon blog. J\u2019habite \u00e0 Bordeaux, j\u2019ai un super chien qui s\u2019appelle Russell, et j\u2019aime la vodka-ananas (ainsi que perdre mon temps \u00e0 regarder la pluie tomber).<\/p><\/blockquote><p>...ou bien quelque chose comme cela\u00a0:<\/p><blockquote><p>La soci\u00e9t\u00e9 123 Machin Truc a \u00e9t\u00e9 cr\u00e9\u00e9e en 1971, et n\u2019a cess\u00e9 de proposer au public des machins-trucs de qualit\u00e9 depuis cette ann\u00e9e. Situ\u00e9e \u00e0 Saint-Remy-en-Bouzemont-Saint-Genest-et-Isson, 123 Machin Truc emploie 2\u00a0000 personnes, et fabrique toutes sortes de bidules super pour la communaut\u00e9 bouzemontoise.<\/p><\/blockquote><p>\u00c9tant donn\u00e9 que vous \u00eates un nouvel utilisateur ou une nouvelle utilisatrice de WordPress, vous devriez vous rendre sur votre <a href=\"http:\/\/federicocingano.eu\/wp-admin\/\">tableau de bord<\/a> pour effacer la pr\u00e9sente page, et cr\u00e9er de nouvelles pages avec votre propre contenu. Amusez-vous bien\u00a0!<\/p>","_et_gb_content_width":""},"_links":{"self":[{"href":"https:\/\/federico-cingano.eu\/index.php?rest_route=\/wp\/v2\/pages\/2"}],"collection":[{"href":"https:\/\/federico-cingano.eu\/index.php?rest_route=\/wp\/v2\/pages"}],"about":[{"href":"https:\/\/federico-cingano.eu\/index.php?rest_route=\/wp\/v2\/types\/page"}],"author":[{"embeddable":true,"href":"https:\/\/federico-cingano.eu\/index.php?rest_route=\/wp\/v2\/users\/1"}],"replies":[{"embeddable":true,"href":"https:\/\/federico-cingano.eu\/index.php?rest_route=%2Fwp%2Fv2%2Fcomments&post=2"}],"version-history":[{"count":14,"href":"https:\/\/federico-cingano.eu\/index.php?rest_route=\/wp\/v2\/pages\/2\/revisions"}],"predecessor-version":[{"id":158,"href":"https:\/\/federico-cingano.eu\/index.php?rest_route=\/wp\/v2\/pages\/2\/revisions\/158"}],"wp:attachment":[{"href":"https:\/\/federico-cingano.eu\/index.php?rest_route=%2Fwp%2Fv2%2Fmedia&parent=2"}],"curies":[{"name":"wp","href":"https:\/\/api.w.org\/{rel}","templated":true}]}}